Let u(m) = -385*m - 49692. Determine u(-124).
-1952
Let l(a) = a**3 + 468*a**2 + 1848*a - 3722. Calculate l(-464).
-10
Let b(y) = -y**3 - 167*y. Give b(10).
-2670
Let a(p) = 2612*p - 41647. Give a(16).
145
Let i(h) = 15*h**3 + 32*h**2 - 556*h - 1109. Determine i(-2).
11
Let s(c) = 908*c - 809. Give s(1).
99
Let o(k) = k**3 - k**2 - 9*k + 468. Calculate o(0).
468
Let b(w) = -20101*w + 20172. Give b(1).
71
Let m(w) = -2*w**3 - 28618*w**2 - 1340631*w - 140. Determine m(-47).
1
Let o(z) = -z**3 + 104*z**2 - 756*z - 1147. Give o(96).
5
Let w(a) = -58289*a + 641380. What is w(11)?
201
Let a(b) = -8*b**2 + 299*b - 282. What is a(36)?
114
Let s(i) = 2*i**3 - 1490*i - 9715. Determine s(-7).
29
Let x(j) = -402*j + 5465. Give x(13).
239
Let b(l) = 3*l**3 - 169*l**2 + 314*l - 5011. Calculate b(55).
159
Let s(j) = j**3 - 52*j**2 + 508*j - 104. What is s(12)?
232
Let v(f) = f**3 - 67*f**2 + 1123*f - 821. Give v(38).
-23
Let b(s) = s**3 + 266*s**2 + 3532*s + 1021. What is b(-252)?
13
Let r(w) = 26836*w + 161016. What is r(-6)?
0
Let d(a) = -57*a - 5106. Calculate d(-89).
-33
Let i(g) = -3*g**3 + 46*g**2 - 22*g + 677. Calculate i(0).
677
Let n(x) = -x**2 + 11622*x - 127713. What is n(11)?
8
Let j(g) = g**3 + 720*g**2 + 8461*g - 492. What is j(-12)?
-72
Let x(i) = -43427*i - 260568. What is x(-6)?
-6
Let p(l) = -7*l - 2226. What is p(-109)?
-1463
Let c(t) = 40*t**2 + 728*t + 134. Calculate c(-18).
-10
Let r(f) = -f**2 + 101*f - 1318. Give r(0).
-1318
Let p(s) = 7*s**3 + 15*s**2 + 78*s + 92. Give p(-3).
-196
Let i(q) = 2*q**3 - 71*q**2 + 622*q + 98. Calculate i(19).
3
Let u(z) = 310947*z + 4353282. Determine u(-14).
24
Let g(d) = -45*d + 2977. Determine g(49).
772
Let g(h) = h**3 + 108*h**2 - 15040*h + 159. Give g(-188).
159
Let z(x) = -x**3 + 288*x**2 - 20493*x - 2867. Calculate z(159).
-5
Let i(t) = t**3 - 45*t**2 + 881*t - 21642. What is i(37)?
3
Let g(m) = 243*m**2 + 7853*m + 7854. Determine g(-1).
244
Let j(u) = -7344*u - 3605915. What is j(-491)?
-11
Let s(b) = -34*b**2 - 15*b + 40. What is s(-9)?
-2579
Let c(v) = -5558103*v - 11116198. Calculate c(-2).
8
Let n(d) = 61*d - 7996. Determine n(168).
2252
Let u(f) = -3073*f + 12829. Give u(4).
537
Let c(v) = v**3 + 17*v**2 - 3760*v - 56880. Determine c(-15).
-30
Let g(z) = -z**3 + 8*z**2 + 209*z + 6. Calculate g(19).
6
Let a(d) = 996*d - 77668. Determine a(78).
20
Let c(f) = 433*f + 4067. Give c(-13).
-1562
Let d(o) = 6350*o - 177796. Determine d(28).
4
Let g(o) = 2*o**2 - 95*o - 17161. Calculate g(-72).
47
Let m(n) = 97*n + 6531. Determine m(-65).
226
Let z(o) = o**3 + 242*o**2 + 7258*o + 2685. What is z(-207)?
-6
Let g(q) = 6*q**3 - 172*q**2 + 191*q - 2182. Give g(28).
30
Let y(i) = 66609*i - 199829. Give y(3).
-2
Let y(o) = 6*o**2 - 2874*o + 83021. Calculate y(448).
-307
Let k(n) = -14*n**3 + 1312*n**2 - 2214*n + 538. Give k(92).
-14
Let k(n) = -11*n**3 - 63*n**2 - 362*n - 1613. Give k(-5).
-3
Let j(w) = -3*w**3 - 118*w**2 + 289*w - 7911. Determine j(-43).
1
Let c(p) = 31*p**2 + 6793*p - 700. What is c(-220)?
5240
Let p(j) = 27634*j + 386958. Calculate p(-14).
82
Let i(b) = -4651*b + 246494. What is i(53)?
-9
Let k(d) = 4833*d + 874811. Give k(-181).
38
Let x(m) = -13511*m - 756653. Calculate x(-56).
-37
Let q(p) = -157*p**2 + 927*p + 141. Determine q(6).
51
Let p(m) = 34085*m - 2863140. Determine p(84).
0
Let d(o) = -84*o + 8835. Determine d(86).
1611
Let g(i) = -i**3 - 30*i**2 + 152*i + 3796. Give g(-31).
45
Let o(s) = s**3 - 107*s**2 - 224*s + 295. Determine o(109).
-359
Let r(o) = -263*o - 14532. Determine r(-55).
-67
Let t(z) = -1381*z + 64927. What is t(47)?
20
Let f(a) = 10472*a + 12639714. Give f(-1207).
10
Let u(f) = -94*f**2 + 278*f - 172. Calculate u(7).
-2832
Let x(z) = 2*z**3 - 112*z**2 + 6516*z - 364891. Give x(56).
5
Let x(f) = -f**3 + 11*f**2 - 2147*f + 12975. What is x(6)?
273
Let o(u) = 2*u**3 - 9*u**2 + 15*u + 9. Calculate o(5).
109
Let a(y) = -3463*y - 7212. Determine a(-2).
-286
Let i(p) = -77354*p + 12376629. What is i(160)?
-11
Let o(f) = 48625*f + 243120. Determine o(-5).
-5
Let q(w) = 12915*w - 170442. What is q(13)?
-2547
Let m(q) = -1658*q + 48016. What is m(29)?
-66
Let t(j) = 2*j**3 + 92*j**2 - 308*j - 3676. Give t(-48).
1892
Let b(o) = o**2 + 21113*o - 443822. Determine b(21).
-8
Let p(x) = -9*x**2 + 309*x + 2001. Determine p(-6).
-177
Let v(m) = -m**2 + 225*m - 13082. Calculate v(91).
-888
Let f(r) = r**2 - 21*r + 348. Calculate f(14).
250
Let p(d) = 2*d**2 + 11623*d - 2980282. What is p(246)?
8
Let c(a) = -12933*a - 659584. Determine c(-51).
-1
Let l(w) = w**2 - 604*w - 112206. Determine l(-149).
-9
Let u(g) = -g**3 + 20*g**2 - 51*g + 144. Give u(18).
-126
Let n(o) = -68*o**2 - 8085*o + 740. Determine n(-119).
-93
Let k(t) = 2*t**2 + 22741*t - 227605. Give k(10).
5
Let c(j) = 138168*j - 8151918. Calculate c(59).
-6
Let w(z) = -4*z**3 + 57*z**2 - 63*z + 22. What is w(13)?
48
Let s(m) = -14*m + 571. Determine s(-29).
977
Let a(t) = -2*t**2 - 97*t + 1010. Determine a(-41).
1625
Let u(p) = p**3 + 23*p**2 - 2412*p - 57083. Calculate u(-24).
229
Let r(i) = -2*i**2 + 202*i - 2703. Calculate r(80).
657
Let w(i) = 6*i**3 + 212*i**2 + 62*i - 310. Determine w(-35).
-30
Let k(m) = 3*m**2 + 212*m + 2107. What is k(-12)?
-5
Let o(z) = z**3 - 88*z**2 - 74*z - 1433. Calculate o(89).
-98
Let o(m) = -763*m**2 - 35862*m + 62. Calculate o(-47).
109
Let v(s) = 122*s - 413. What is v(40)?
4467
Let x(p) = -1415*p - 471200. Calculate x(-333).
-5
Let s(m) = -132845*m + 11424674. Calculate s(86).
4
Let i(m) = m**3 - 128*m**2 - 10*m - 743. Give i(128).
-2023
Let v(b) = -8*b**3 - 652*b**2 + 649*b + 5. Give v(1).
-6
Let m(d) = -203577*d - 3460805. What is m(-17)?
4
Let w(y) = -102*y + 7834. Determine w(76).
82
Let j(c) = 30*c**2 - 291*c - 829. Give j(12).
-1
Let w(q) = 38*q**2 - 276*q - 840. Calculate w(-3).
330
Let n(v) = v**3 - 64*v**2 - 192*v - 19. What is n(67)?
584
Let l(g) = -1098*g - 318417. Give l(-290).
3
Let h(o) = -o**3 - 78*o**2 - 213*o - 176. Determine h(-75).
-1076
Let y(f) = 2*f**2 - 16628*f - 66505. What is y(-4)?
39
Let y(v) = -811*v - 144370. Calculate y(-178).
-12
Let z(b) = -14*b**3 - 4*b**2 - 18*b - 49. Calculate z(-3).
347
Let f(s) = -2*s**3 + 24*s**2 - 45*s + 483. Calculate f(11).
230
Let v(j) = j**3 - 248*j**2 - 5366*j + 1578. Determine v(268).
-30
Let p(x) = 8*x**2 + 302*x + 417. Calculate p(-36).
-87
Let q(p) = -6498*p + 51901. Determine q(8).
-83
Let c(n) = 107*n - 1522. Determine c(10).
-452
Let j(f) = -3*f**2 - 81*f - 271. Give j(-26).
-193
Let t(a) = 37*a**3 + 239*a**2 - 30*a - 20. Calculate t(-6).
772
Let i(b) = 15*b**2 + 1926*b - 1913. Determine i(1).
28
Let y(x) = -5*x**3 + 780*x**2 + 2379*x + 945. Give y(159).
-9
Let v(b) = 57641*b + 230488. Give v(-4).
-76
Let n(z) = -104*z - 276. Determine n(-3).
36
Let k(n) = n**3 - 275*n**2 - 1646*n + 526073. Determine k(274).
-7
Let o(r) = 451*r - 10620. What is o(23)?
-247
Let t(u) = -8*u**2 - 1544*u - 8861. Calculate t(-6).
115
Let d(z) = -224944*z - 1124688. Calculate d(-5).
32
Let j(m) = m**3 + 21*m**2 - 2939*m - 18195. What is j(-6)?
-21
Let k(d) = -d**3 - 111*d**2 - 6511*d - 650881. What is k(-107)?
0
Let n(x) = 66*x**3 + 1980*x**2 - 48*x - 1441. Give n(-30).
-1
Let y(x) = -x**3 - 29678*x**2 - 118682*x. Calculate y(-4).
-56
Let u(m) = m**3 + 4*m**2 + 1483*m - 9165. What is u(6)?
93
Let m(z) = -2*z**3 + 32*z**2 + 5*z + 881. Calculate m(20).
-2219
Let j(b) = -b**3 - 16*b**2 - 55*b - 106. Determine j(-12).
-22
Let m(r) = 385*r**2 + 9600*r - 182. Give m(-25).
443
Let q(s) = -4708*s + 22720. Calculate q(5).
-820
Let x(j) = -58*j + 247. Calculate x(7).
-159
Let l(s) = 30051*s + 270676. Give l(-9).
217
Let f(j) = -188673*j + 2075407. Determine f(11).
4
Let o(v) = 8*v**2 + 7151*v + 21382. What is o(-3)?
1
Let x(t) = t**3 - 4*t**2 + 3140*t - 51. Give x(0).
-51
Let z(m) = 33*m + 903. Calculate z(-47).
-648
Let m(f) = -9678*f - 2042058. Determine m(-211).
0
Let i(d) = -d**2 - 69*d + 3501. Determine i(31).
401
Let j(h) = 232*h**2 + 1409*h - 54. Calculate j(-4).
-1978
Let g(c) = -158*c - 6536. Calculate g(-43).
258
Let x(n) = -308*n + 48141. Determine x(146).
3173
Let j(m) = -1766*m - 400905. What is j(-227)?
-23
Let g(s) = 3*s**3 - 195*s**2 - 217*s + 1090. What is g(66)?
-164
Let h(o) = -492*o**2 - 25086*o + 316. Determine h(-51).
1